[INFO] cloning repository https://github.com/SnowFlakeOS/uefi
[INFO] running `Command { std: "git" "-c" "credential.helper=" "-c" "credential.helper=/workspace/cargo-home/bin/git-credential-null" "clone" "--bare" "https://github.com/SnowFlakeOS/uefi" "/workspace/cache/git-repos/https%3A%2F%2Fgithub.com%2FSnowFlakeOS%2Fuefi", kill_on_drop: false }`
[INFO] [stderr] Cloning into bare repository '/workspace/cache/git-repos/https%3A%2F%2Fgithub.com%2FSnowFlakeOS%2Fuefi'...
[INFO] running `Command { std: "git" "rev-parse" "HEAD", kill_on_drop: false }`
[INFO] [stdout] 4138cce94b13c3cbb318ceeeb2256a51e219f2b2
[INFO] checking SnowFlakeOS/uefi against master#e6e4f7ed1589e03bc2f6c5931c1a72e7947e8682 for beta-170-4
[INFO] running `Command { std: "git" "clone" "/workspace/cache/git-repos/https%3A%2F%2Fgithub.com%2FSnowFlakeOS%2Fuefi" "/workspace/builds/worker-1-tc2/source", kill_on_drop: false }`
[INFO] [stderr] Cloning into '/workspace/builds/worker-1-tc2/source'...
[INFO] [stderr] done.
[INFO] validating manifest of git repo https://github.com/SnowFlakeOS/uefi on toolchain e6e4f7ed1589e03bc2f6c5931c1a72e7947e8682
[INFO] running `Command { std: CARGO_HOME="/workspace/cargo-home" RUSTUP_HOME="/workspace/rustup-home" "/workspace/cargo-home/bin/cargo" "+e6e4f7ed1589e03bc2f6c5931c1a72e7947e8682" "metadata" "--manifest-path" "Cargo.toml" "--no-deps", kill_on_drop: false }`
[INFO] started tweaking git repo https://github.com/SnowFlakeOS/uefi
[INFO] finished tweaking git repo https://github.com/SnowFlakeOS/uefi
[INFO] tweaked toml for git repo https://github.com/SnowFlakeOS/uefi written to /workspace/builds/worker-1-tc2/source/Cargo.toml
[INFO] crate git repo https://github.com/SnowFlakeOS/uefi already has a lockfile, it will not be regenerated
[INFO] running `Command { std: CARGO_HOME="/workspace/cargo-home" RUSTUP_HOME="/workspace/rustup-home" "/workspace/cargo-home/bin/cargo" "+e6e4f7ed1589e03bc2f6c5931c1a72e7947e8682" "fetch" "--manifest-path" "Cargo.toml", kill_on_drop: false }`
[INFO] [stderr] warning: unused manifest key: package.author
[INFO] running `Command { std: "docker" "create" "-v" "/var/lib/crater-agent-workspace/builds/worker-1-tc2/target:/opt/rustwide/target:rw,Z" "-v" "/var/lib/crater-agent-workspace/builds/worker-1-tc2/source:/opt/rustwide/workdir:ro,Z" "-v" "/var/lib/crater-agent-workspace/cargo-home:/opt/rustwide/cargo-home:ro,Z" "-v" "/var/lib/crater-agent-workspace/rustup-home:/opt/rustwide/rustup-home:ro,Z" "-e" "SOURCE_DIR=/opt/rustwide/workdir" "-e" "CARGO_TARGET_DIR=/opt/rustwide/target" "-e" "CARGO_HOME=/opt/rustwide/cargo-home" "-e" "RUSTUP_HOME=/opt/rustwide/rustup-home" "-w" "/opt/rustwide/workdir" "-m" "1610612736" "--user" "0:0" "--network" "none" "ghcr.io/rust-lang/crates-build-env/linux@sha256:19e73879b68f455e41552ea35293514db52ea292d993f571636dbffedb77a1ee" "/opt/rustwide/cargo-home/bin/cargo" "+e6e4f7ed1589e03bc2f6c5931c1a72e7947e8682" "metadata" "--no-deps" "--format-version=1", kill_on_drop: false }`
[INFO] [stdout] 42414e8488515226b7c6a6f8fe6aa9672b0dd8c153cd56480880a5dcce301081
[INFO] running `Command { std: "docker" "start" "-a" "42414e8488515226b7c6a6f8fe6aa9672b0dd8c153cd56480880a5dcce301081", kill_on_drop: false }`
[INFO] running `Command { std: "docker" "inspect" "42414e8488515226b7c6a6f8fe6aa9672b0dd8c153cd56480880a5dcce301081", kill_on_drop: false }`
[INFO] running `Command { std: "docker" "rm" "-f" "42414e8488515226b7c6a6f8fe6aa9672b0dd8c153cd56480880a5dcce301081", kill_on_drop: false }`
[INFO] [stdout] 42414e8488515226b7c6a6f8fe6aa9672b0dd8c153cd56480880a5dcce301081
[INFO] running `Command { std: "docker" "create" "-v" "/var/lib/crater-agent-workspace/builds/worker-1-tc2/target:/opt/rustwide/target:rw,Z" "-v" "/var/lib/crater-agent-workspace/builds/worker-1-tc2/source:/opt/rustwide/workdir:ro,Z" "-v" "/var/lib/crater-agent-workspace/cargo-home:/opt/rustwide/cargo-home:ro,Z" "-v" "/var/lib/crater-agent-workspace/rustup-home:/opt/rustwide/rustup-home:ro,Z" "-e" "SOURCE_DIR=/opt/rustwide/workdir" "-e" "CARGO_TARGET_DIR=/opt/rustwide/target" "-e" "CARGO_INCREMENTAL=0" "-e" "RUST_BACKTRACE=full" "-e" "RUSTFLAGS=--cap-lints=forbid" "-e" "RUSTDOCFLAGS=--cap-lints=forbid" "-e" "CARGO_HOME=/opt/rustwide/cargo-home" "-e" "RUSTUP_HOME=/opt/rustwide/rustup-home" "-w" "/opt/rustwide/workdir" "-m" "1610612736" "--user" "0:0" "--network" "none" "ghcr.io/rust-lang/crates-build-env/linux@sha256:19e73879b68f455e41552ea35293514db52ea292d993f571636dbffedb77a1ee" "/opt/rustwide/cargo-home/bin/cargo" "+e6e4f7ed1589e03bc2f6c5931c1a72e7947e8682" "check" "--frozen" "--all" "--all-targets" "--message-format=json", kill_on_drop: false }`
[INFO] [stdout] 559dcc5e1f374a5a2233738ae46e6ae7ff968ba6b8f338d7c283d61a907f66a1
[INFO] running `Command { std: "docker" "start" "-a" "559dcc5e1f374a5a2233738ae46e6ae7ff968ba6b8f338d7c283d61a907f66a1", kill_on_drop: false }`
[INFO] [stderr] warning: unused manifest key: package.author
[INFO] [stderr]     Checking uefi v0.0.1 (/opt/rustwide/workdir)
[INFO] [stdout] error[E0437]: type `Ok` is not a member of trait `core::ops::Try`
[INFO] [stdout]   --> src/status.rs:68:2
[INFO] [stdout]    |
[INFO] [stdout] 68 |     type Ok = ();
[INFO] [stdout]    |     ^^^^^^^^^^^^^ not a member of trait `core::ops::Try`
[INFO] [stdout] 
[INFO] [stdout] 
[INFO] [stdout] error[E0437]: type `Error` is not a member of trait `core::ops::Try`
[INFO] [stdout]   --> src/status.rs:69:2
[INFO] [stdout]    |
[INFO] [stdout] 69 |     type Error = Status;
[INFO] [stdout]    |     ^^^^^^^^^^^^^^^^^^^^ not a member of trait `core::ops::Try`
[INFO] [stdout] 
[INFO] [stdout] 
[INFO] [stdout] error[E0407]: method `into_result` is not a member of trait `core::ops::Try`
[INFO] [stdout]   --> src/status.rs:71:2
[INFO] [stdout]    |
[INFO] [stdout] 71 | /     fn into_result(self) -> Result<(), Status> {
[INFO] [stdout] 72 | |         if self == SUCCESS {
[INFO] [stdout] 73 | |             Ok( () )
[INFO] [stdout] 74 | |         }
[INFO] [stdout] ...  |
[INFO] [stdout] 77 | |         }
[INFO] [stdout] 78 | |     }
[INFO] [stdout]    | |_____^ not a member of trait `core::ops::Try`
[INFO] [stdout] 
[INFO] [stdout] 
[INFO] [stdout] error[E0407]: method `from_error` is not a member of trait `core::ops::Try`
[INFO] [stdout]   --> src/status.rs:79:2
[INFO] [stdout]    |
[INFO] [stdout] 79 | /     fn from_error(v: Status) -> Status {
[INFO] [stdout] 80 | |         v
[INFO] [stdout] 81 | |     }
[INFO] [stdout]    | |_____^ not a member of trait `core::ops::Try`
[INFO] [stdout] 
[INFO] [stdout] 
[INFO] [stdout] error[E0407]: method `from_ok` is not a member of trait `core::ops::Try`
[INFO] [stdout]   --> src/status.rs:82:2
[INFO] [stdout]    |
[INFO] [stdout] 82 | /     fn from_ok(_: ()) -> Status {
[INFO] [stdout] 83 | |         SUCCESS
[INFO] [stdout] 84 | |     }
[INFO] [stdout]    | |_____^ not a member of trait `core::ops::Try`
[INFO] [stdout] 
[INFO] [stdout] 
[INFO] [stdout] warning: use of deprecated macro `try`: use the `?` operator instead
[INFO] [stdout]   --> src/str16.rs:44:4
[INFO] [stdout]    |
[INFO] [stdout] 44 |             try!(write!(f, "{}", c));
[INFO] [stdout]    |             ^^^
[INFO] [stdout]    |
[INFO] [stdout]    = note: `#[warn(deprecated)]` on by default
[INFO] [stdout] 
[INFO] [stdout] 
[INFO] [stdout] warning: anonymous parameters are deprecated and will be removed in the next edition
[INFO] [stdout]   --> src/boot_services/protocols/mod.rs:16:21
[INFO] [stdout]    |
[INFO] [stdout] 16 |     unsafe fn from_ptr(*const ::Void) -> *const Self;
[INFO] [stdout]    |                        ^^^^^^^^^^^^^ help: try naming the parameter or explicitly ignoring it: `_: *const ::Void`
[INFO] [stdout]    |
[INFO] [stdout]    = warning: this is accepted in the current edition (Rust 2015) but is a hard error in Rust 2018!
[INFO] [stdout]    = note: for more information, see issue #41686 <https://github.com/rust-lang/rust/issues/41686>
[INFO] [stdout]    = note: `#[warn(anonymous_parameters)]` on by default
[INFO] [stdout] 
[INFO] [stdout] 
[INFO] [stdout] warning: unnecessary parentheses around block return value
[INFO] [stdout]    --> src/boot_services/mod.rs:135:3
[INFO] [stdout]     |
[INFO] [stdout] 135 |         (unsafe { (self.close_event)(ev.0) })
[INFO] [stdout]     |         ^                                   ^
[INFO] [stdout]     |
[INFO] [stdout]     = note: `#[warn(unused_parens)]` on by default
[INFO] [stdout] help: remove these parentheses
[INFO] [stdout]     |
[INFO] [stdout] 135 -         (unsafe { (self.close_event)(ev.0) })
[INFO] [stdout] 135 +         unsafe { (self.close_event)(ev.0) }
[INFO] [stdout]     |
[INFO] [stdout] 
[INFO] [stdout] 
[INFO] [stdout] warning: unnecessary parentheses around block return value
[INFO] [stdout]    --> src/boot_services/mod.rs:141:3
[INFO] [stdout]     |
[INFO] [stdout] 141 |         (unsafe { (self.signal_event)(ev.0) })
[INFO] [stdout]     |         ^                                    ^
[INFO] [stdout]     |
[INFO] [stdout] help: remove these parentheses
[INFO] [stdout]     |
[INFO] [stdout] 141 -         (unsafe { (self.signal_event)(ev.0) })
[INFO] [stdout] 141 +         unsafe { (self.signal_event)(ev.0) }
[INFO] [stdout]     |
[INFO] [stdout] 
[INFO] [stdout] 
[INFO] [stdout] warning: use of deprecated macro `try`: use the `?` operator instead
[INFO] [stdout]    --> src/boot_services/mod.rs:212:29
[INFO] [stdout]     |
[INFO] [stdout] 212 |         let mut interface = try!(self.allocate_pool::<T>(mem::size_of::<T>()));
[INFO] [stdout]     |                             ^^^
[INFO] [stdout] 
[INFO] [stdout] 
[INFO] [stdout] warning: anonymous parameters are deprecated and will be removed in the next edition
[INFO] [stdout]   --> src/borrow.rs:48:21
[INFO] [stdout]    |
[INFO] [stdout] 48 |     fn to_owned(&self, &'heap ::boot_services::BootServices) -> Self::Owned;
[INFO] [stdout]    |                        ^^^^^^^^^^^^^^^^^^^^^^^^^^^^^^^^^^^^ help: try naming the parameter or explicitly ignoring it: `_: &'heap ::boot_services::BootServices`
[INFO] [stdout]    |
[INFO] [stdout]    = warning: this is accepted in the current edition (Rust 2015) but is a hard error in Rust 2018!
[INFO] [stdout]    = note: for more information, see issue #41686 <https://github.com/rust-lang/rust/issues/41686>
[INFO] [stdout] 
[INFO] [stdout] 
[INFO] [stdout] error[E0658]: use of unstable library feature 'try_trait_v2'
[INFO] [stdout]   --> src/status.rs:66:6
[INFO] [stdout]    |
[INFO] [stdout] 66 | impl ::core::ops::Try for Status
[INFO] [stdout]    |      ^^^^^^^^^^^^^^^^
[INFO] [stdout]    |
[INFO] [stdout]    = note: see issue #84277 <https://github.com/rust-lang/rust/issues/84277> for more information
[INFO] [stdout]    = help: add `#![feature(try_trait_v2)]` to the crate attributes to enable
[INFO] [stdout] 
[INFO] [stdout] 
[INFO] [stdout] error[E0635]: unknown feature `unique`
[INFO] [stdout]   --> src/lib.rs:16:12
[INFO] [stdout]    |
[INFO] [stdout] 16 | #![feature(unique)]
[INFO] [stdout]    |            ^^^^^^
[INFO] [stdout] 
[INFO] [stdout] 
[INFO] [stdout] error[E0635]: unknown feature `try_trait`
[INFO] [stdout]   --> src/lib.rs:17:12
[INFO] [stdout]    |
[INFO] [stdout] 17 | #![feature(try_trait)]    // Makes Status a little easier to use
[INFO] [stdout]    |            ^^^^^^^^^
[INFO] [stdout] 
[INFO] [stdout] 
[INFO] [stdout] error[E0437]: type `Ok` is not a member of trait `core::ops::Try`
[INFO] [stdout]   --> src/status.rs:68:2
[INFO] [stdout]    |
[INFO] [stdout] 68 |     type Ok = ();
[INFO] [stdout]    |     ^^^^^^^^^^^^^ not a member of trait `core::ops::Try`
[INFO] [stdout] 
[INFO] [stdout] 
[INFO] [stdout] error[E0437]: type `Error` is not a member of trait `core::ops::Try`
[INFO] [stdout]   --> src/status.rs:69:2
[INFO] [stdout]    |
[INFO] [stdout] 69 |     type Error = Status;
[INFO] [stdout]    |     ^^^^^^^^^^^^^^^^^^^^ not a member of trait `core::ops::Try`
[INFO] [stdout] 
[INFO] [stdout] 
[INFO] [stdout] error[E0407]: method `into_result` is not a member of trait `core::ops::Try`
[INFO] [stdout]   --> src/status.rs:71:2
[INFO] [stdout]    |
[INFO] [stdout] 71 | /     fn into_result(self) -> Result<(), Status> {
[INFO] [stdout] 72 | |         if self == SUCCESS {
[INFO] [stdout] 73 | |             Ok( () )
[INFO] [stdout] 74 | |         }
[INFO] [stdout] ...  |
[INFO] [stdout] 77 | |         }
[INFO] [stdout] 78 | |     }
[INFO] [stdout]    | |_____^ not a member of trait `core::ops::Try`
[INFO] [stdout] 
[INFO] [stdout] 
[INFO] [stdout] error[E0407]: method `from_error` is not a member of trait `core::ops::Try`
[INFO] [stdout]   --> src/status.rs:79:2
[INFO] [stdout]    |
[INFO] [stdout] 79 | /     fn from_error(v: Status) -> Status {
[INFO] [stdout] 80 | |         v
[INFO] [stdout] 81 | |     }
[INFO] [stdout]    | |_____^ not a member of trait `core::ops::Try`
[INFO] [stdout] 
[INFO] [stdout] 
[INFO] [stdout] error[E0407]: method `from_ok` is not a member of trait `core::ops::Try`
[INFO] [stdout]   --> src/status.rs:82:2
[INFO] [stdout]    |
[INFO] [stdout] 82 | /     fn from_ok(_: ()) -> Status {
[INFO] [stdout] 83 | |         SUCCESS
[INFO] [stdout] 84 | |     }
[INFO] [stdout]    | |_____^ not a member of trait `core::ops::Try`
[INFO] [stdout] 
[INFO] [stdout] 
[INFO] [stdout] warning: use of deprecated macro `try`: use the `?` operator instead
[INFO] [stdout]   --> src/str16.rs:44:4
[INFO] [stdout]    |
[INFO] [stdout] 44 |             try!(write!(f, "{}", c));
[INFO] [stdout]    |             ^^^
[INFO] [stdout]    |
[INFO] [stdout]    = note: `#[warn(deprecated)]` on by default
[INFO] [stdout] 
[INFO] [stdout] 
[INFO] [stdout] warning: anonymous parameters are deprecated and will be removed in the next edition
[INFO] [stdout]   --> src/boot_services/protocols/mod.rs:16:21
[INFO] [stdout]    |
[INFO] [stdout] 16 |     unsafe fn from_ptr(*const ::Void) -> *const Self;
[INFO] [stdout]    |                        ^^^^^^^^^^^^^ help: try naming the parameter or explicitly ignoring it: `_: *const ::Void`
[INFO] [stdout]    |
[INFO] [stdout]    = warning: this is accepted in the current edition (Rust 2015) but is a hard error in Rust 2018!
[INFO] [stdout]    = note: for more information, see issue #41686 <https://github.com/rust-lang/rust/issues/41686>
[INFO] [stdout]    = note: `#[warn(anonymous_parameters)]` on by default
[INFO] [stdout] 
[INFO] [stdout] 
[INFO] [stdout] warning: unnecessary parentheses around block return value
[INFO] [stdout]    --> src/boot_services/mod.rs:135:3
[INFO] [stdout]     |
[INFO] [stdout] 135 |         (unsafe { (self.close_event)(ev.0) })
[INFO] [stdout]     |         ^                                   ^
[INFO] [stdout]     |
[INFO] [stdout]     = note: `#[warn(unused_parens)]` on by default
[INFO] [stdout] help: remove these parentheses
[INFO] [stdout]     |
[INFO] [stdout] 135 -         (unsafe { (self.close_event)(ev.0) })
[INFO] [stdout] 135 +         unsafe { (self.close_event)(ev.0) }
[INFO] [stdout]     |
[INFO] [stdout] 
[INFO] [stdout] 
[INFO] [stdout] warning: unnecessary parentheses around block return value
[INFO] [stdout]    --> src/boot_services/mod.rs:141:3
[INFO] [stdout]     |
[INFO] [stdout] 141 |         (unsafe { (self.signal_event)(ev.0) })
[INFO] [stdout]     |         ^                                    ^
[INFO] [stdout]     |
[INFO] [stdout] help: remove these parentheses
[INFO] [stdout]     |
[INFO] [stdout] 141 -         (unsafe { (self.signal_event)(ev.0) })
[INFO] [stdout] 141 +         unsafe { (self.signal_event)(ev.0) }
[INFO] [stdout]     |
[INFO] [stdout] 
[INFO] [stdout] 
[INFO] [stdout] warning: use of deprecated macro `try`: use the `?` operator instead
[INFO] [stdout]    --> src/boot_services/mod.rs:212:29
[INFO] [stdout]     |
[INFO] [stdout] 212 |         let mut interface = try!(self.allocate_pool::<T>(mem::size_of::<T>()));
[INFO] [stdout]     |                             ^^^
[INFO] [stdout] 
[INFO] [stdout] 
[INFO] [stdout] warning: anonymous parameters are deprecated and will be removed in the next edition
[INFO] [stdout]   --> src/borrow.rs:48:21
[INFO] [stdout]    |
[INFO] [stdout] 48 |     fn to_owned(&self, &'heap ::boot_services::BootServices) -> Self::Owned;
[INFO] [stdout]    |                        ^^^^^^^^^^^^^^^^^^^^^^^^^^^^^^^^^^^^ help: try naming the parameter or explicitly ignoring it: `_: &'heap ::boot_services::BootServices`
[INFO] [stdout]    |
[INFO] [stdout]    = warning: this is accepted in the current edition (Rust 2015) but is a hard error in Rust 2018!
[INFO] [stdout]    = note: for more information, see issue #41686 <https://github.com/rust-lang/rust/issues/41686>
[INFO] [stdout] 
[INFO] [stdout] 
[INFO] [stdout] error[E0658]: use of unstable library feature 'try_trait_v2'
[INFO] [stdout]   --> src/status.rs:66:6
[INFO] [stdout]    |
[INFO] [stdout] 66 | impl ::core::ops::Try for Status
[INFO] [stdout]    |      ^^^^^^^^^^^^^^^^
[INFO] [stdout]    |
[INFO] [stdout]    = note: see issue #84277 <https://github.com/rust-lang/rust/issues/84277> for more information
[INFO] [stdout]    = help: add `#![feature(try_trait_v2)]` to the crate attributes to enable
[INFO] [stdout] 
[INFO] [stdout] 
[INFO] [stdout] error[E0635]: unknown feature `unique`
[INFO] [stdout]   --> src/lib.rs:16:12
[INFO] [stdout]    |
[INFO] [stdout] 16 | #![feature(unique)]
[INFO] [stdout]    |            ^^^^^^
[INFO] [stdout] 
[INFO] [stdout] 
[INFO] [stdout] error[E0635]: unknown feature `try_trait`
[INFO] [stdout]   --> src/lib.rs:17:12
[INFO] [stdout]    |
[INFO] [stdout] 17 | #![feature(try_trait)]    // Makes Status a little easier to use
[INFO] [stdout]    |            ^^^^^^^^^
[INFO] [stdout] 
[INFO] [stdout] 
[INFO] [stdout] error[E0046]: not all trait items implemented, missing: `Output`, `Residual`, `from_output`, `branch`
[INFO] [stdout]   --> src/status.rs:66:1
[INFO] [stdout]    |
[INFO] [stdout] 66 | impl ::core::ops::Try for Status
[INFO] [stdout]    | ^^^^^^^^^^^^^^^^^^^^^^^^^^^^^^^^ missing `Output`, `Residual`, `from_output`, `branch` in implementation
[INFO] [stdout]    |
[INFO] [stdout]    = help: implement the missing item: `type Output = /* Type */;`
[INFO] [stdout]    = help: implement the missing item: `type Residual = /* Type */;`
[INFO] [stdout]    = help: implement the missing item: `fn from_output(_: <Self as Try>::Output) -> Self { todo!() }`
[INFO] [stdout]    = help: implement the missing item: `fn branch(self) -> ControlFlow<<Self as Try>::Residual, <Self as Try>::Output> { todo!() }`
[INFO] [stdout] 
[INFO] [stdout] 
[INFO] [stdout] error[E0046]: not all trait items implemented, missing: `Output`, `Residual`, `from_output`, `branch`
[INFO] [stdout]   --> src/status.rs:66:1
[INFO] [stdout]    |
[INFO] [stdout] 66 | impl ::core::ops::Try for Status
[INFO] [stdout]    | ^^^^^^^^^^^^^^^^^^^^^^^^^^^^^^^^ missing `Output`, `Residual`, `from_output`, `branch` in implementation
[INFO] [stdout]    |
[INFO] [stdout]    = help: implement the missing item: `type Output = /* Type */;`
[INFO] [stdout]    = help: implement the missing item: `type Residual = /* Type */;`
[INFO] [stdout]    = help: implement the missing item: `fn from_output(_: <Self as Try>::Output) -> Self { todo!() }`
[INFO] [stdout]    = help: implement the missing item: `fn branch(self) -> ControlFlow<<Self as Try>::Residual, <Self as Try>::Output> { todo!() }`
[INFO] [stdout] 
[INFO] [stdout] 
[INFO] [stdout] error: aborting due to 9 previous errors; 6 warnings emitted
[INFO] [stdout] 
[INFO] [stdout] 
[INFO] [stdout] Some errors have detailed explanations: E0046, E0407, E0437, E0635, E0658.
[INFO] [stdout] 
[INFO] [stdout] For more information about an error, try `rustc --explain E0046`.
[INFO] [stdout] 
[INFO] [stderr] error: could not compile `uefi` (lib test) due to 10 previous errors; 6 warnings emitted
[INFO] [stderr] warning: build failed, waiting for other jobs to finish...
[INFO] [stdout] error: aborting due to 9 previous errors; 6 warnings emitted
[INFO] [stdout] 
[INFO] [stdout] 
[INFO] [stdout] Some errors have detailed explanations: E0046, E0407, E0437, E0635, E0658.
[INFO] [stdout] 
[INFO] [stdout] For more information about an error, try `rustc --explain E0046`.
[INFO] [stdout] 
[INFO] [stderr] error: could not compile `uefi` (lib) due to 10 previous errors; 6 warnings emitted
[INFO] running `Command { std: "docker" "inspect" "559dcc5e1f374a5a2233738ae46e6ae7ff968ba6b8f338d7c283d61a907f66a1", kill_on_drop: false }`
[INFO] running `Command { std: "docker" "rm" "-f" "559dcc5e1f374a5a2233738ae46e6ae7ff968ba6b8f338d7c283d61a907f66a1", kill_on_drop: false }`
[INFO] [stdout] 559dcc5e1f374a5a2233738ae46e6ae7ff968ba6b8f338d7c283d61a907f66a1
